{"id":103,"date":"2023-09-01T18:22:38","date_gmt":"2023-09-01T16:22:38","guid":{"rendered":"https:\/\/nutricionsexualforte.com\/?post_type=product&#038;p=103"},"modified":"2024-03-18T03:51:37","modified_gmt":"2024-03-18T02:51:37","slug":"andropenis-mini","status":"publish","type":"product","link":"https:\/\/nutricionsexualforte.com\/index.php\/producto\/andropenis-mini\/","title":{"rendered":"Andropenis Mini"},"content":{"rendered":"<h2>\u00bfQu\u00e9 es Andropenis Mini?<\/h2>\n<p>Andropenis Mini es un dispositivo m\u00e9dico que est\u00e1 basado en el principio cient\u00edfico de la tracci\u00f3n. Este es el \u00fanico extensor m\u00e9dico del mercado dise\u00f1ado para hombres con micro-penes o con enes con tama\u00f1o inferior a 8 cm de longitud.<\/p>\n<p>Este aparato cuenta con todo el respaldo de test m\u00e9dicos y cient\u00edficos que han comprobado sus resultados. Te ayudar\u00e1 a alcanzar esos cent\u00edmetros que necesitas.<\/p>\n<h2>\u00bfQu\u00e9 es el principio de tracci\u00f3n?<\/h2>\n<p>Aunque el nombre te pueda parecer extra\u00f1o, hablamos de un sistema muy sencillo de comprender. Cuando estiramos de forma constante cualquier parte de nuestro cuerpo lo que ocurre es que las c\u00e9lulas que componen ese miembro comienzan a dividirse, es como si de cada c\u00e9lula una nacieran dos. De esta forma Andropenis Mini consigue un aumento de la masa del tejido. Utilizando este sistema de estiramiento en el pene, se multiplican las c\u00e9lulas, que componen el tejido y por tanto, se aumentan la longitud y el grosor. Y todo sin pasar por el quir\u00f3fano.<\/p>\n<h2>\u00bfC\u00f3mo utilizo Andropenis Mini?<\/h2>\n<p>Lo m\u00e1s importante es que solo tienes que utilizar el Andropenis Mini cuando tu pene est\u00e9 fl\u00e1cido. Por lo dem\u00e1s, pon\u00e9rtelo es muy sencillo: introduces tu pene por el anillo de pl\u00e1stico y, ayud\u00e1ndote de una tira de silicona sujeta la cabeza del pene a otra pieza. Debes notar que el miembro est\u00e1 en tensi\u00f3n, eso querr\u00e1 decir que tus tejidos y m\u00fasculos se est\u00e1n estirando.<\/p>\n<h2>\u00bfCu\u00e1nto tiempo tengo que Andropenis Mini?<\/h2>\n<p>Nosotros te recomendamos 9 horas diarias durante 4 o seis meses. Es el tiempo necesario para obtener los mejores resultados.<\/p>\n<p>Si prefieres puedes usarlo por las noches mientras duermes pero no te preocupes si tienes que acudir al trabajo o sales con tus amigos. Puedes hacer tu vida normal. Nadie va a notar nada raro es un aparato peque\u00f1o y discreto.<\/p>\n<h2>\u00bfCu\u00e1ndo notar\u00e9 los primeros resultados?<\/h2>\n<p>Con Andropenis Mini podr\u00e1s notar los primeros resultados despu\u00e9s de los dos primeros meses, siempre en funci\u00f3n del tiempo que hayas llevado puesto el extensor Andropenis. Por eso es importante que recuerdes que los resultados ser\u00e1n mejores, m\u00e1s duraderos y m\u00e1s r\u00e1pidos si sigues nuestra recomendaci\u00f3n de 9 horas al d\u00eda.<\/p>\n<h2>\u00bfPuedo padecer alg\u00fan efecto secundario?<\/h2>\n<p>No. Puedes usar nuestro producto con total tranquilidad. Nuestro producto cuenta con el respaldo de la comunidad m\u00e9dica y cient\u00edfica. Adem\u00e1s cuenta con la aprobaci\u00f3n de calidad de la Comunidad Europea. No obstante si notaras cualquier malestar es mejor dejar de usarlo y consultar con tu m\u00e9dico.<\/p>\n<h2>Consigue ya tu Andropenis Mini<\/h2>\n<p>No te preocupes por el env\u00edo. Es confidencial y discreto, nadie sabr\u00e1 que hay dentro de la caja que recibas. Solo t\u00fa. Haz tu pedido en Sexualidad Masculina y termina con todos tu complejos.<\/p>\n","protected":false},"excerpt":{"rendered":"<p>Andropenis Mini es una soluci\u00f3n f\u00e1cil y discreta de acabar con tus problemas y complejos. Si tu pene mide menos de 8 cent\u00edmetros y otros m\u00e9todos que has probado no han funcionado o no han sido duraderos conf\u00eda en este extensor y recuperar\u00e1s la confianza en ti mismo.<\/p>\n<ul class=\"bluetick\">\n<li>Dispositivos extensor de penes de menos de 8cm<\/li>\n<li>Usarlo de forma prolongada para ver resultados r\u00e1pidos<\/li>\n<li>Recomendado por profesionales m\u00e9dicos<\/li>\n<li>Respaldado con 10 a\u00f1os de experiencia<\/li>\n<li>Probado cient\u00edficamente<\/li>\n<li>\u00a0Garant\u00eda de 2 a\u00f1os<\/li>\n<\/ul>\n<p>&nbsp;<\/p>\n","protected":false},"featured_media":104,"comment_status":"open","ping_status":"closed","template":"","meta":[],"product_cat":[17],"product_tag":[],"_links":{"self":[{"href":"https:\/\/nutricionsexualforte.com\/index.php\/wp-json\/wp\/v2\/product\/103"}],"collection":[{"href":"https:\/\/nutricionsexualforte.com\/index.php\/wp-json\/wp\/v2\/product"}],"about":[{"href":"https:\/\/nutricionsexualforte.com\/index.php\/wp-json\/wp\/v2\/types\/product"}],"replies":[{"embeddable":true,"href":"https:\/\/nutricionsexualforte.com\/index.php\/wp-json\/wp\/v2\/comments?post=103"}],"wp:featuredmedia":[{"embeddable":true,"href":"https:\/\/nutricionsexualforte.com\/index.php\/wp-json\/wp\/v2\/media\/104"}],"wp:attachment":[{"href":"https:\/\/nutricionsexualforte.com\/index.php\/wp-json\/wp\/v2\/media?parent=103"}],"wp:term":[{"taxonomy":"product_cat","embeddable":true,"href":"https:\/\/nutricionsexualforte.com\/index.php\/wp-json\/wp\/v2\/product_cat?post=103"},{"taxonomy":"product_tag","embeddable":true,"href":"https:\/\/nutricionsexualforte.com\/index.php\/wp-json\/wp\/v2\/product_tag?post=103"}],"curies":[{"name":"wp","href":"https:\/\/api.w.org\/{rel}","templated":true}]}}