{"id":1158,"date":"2025-06-18T23:47:05","date_gmt":"2025-06-18T21:47:05","guid":{"rendered":"https:\/\/nutricionsexualforte.com\/?post_type=product&#038;p=1158"},"modified":"2026-02-11T03:20:11","modified_gmt":"2026-02-11T02:20:11","slug":"shilajit-ultra","status":"publish","type":"product","link":"https:\/\/nutricionsexualforte.com\/index.php\/producto\/shilajit-ultra\/","title":{"rendered":"SHILAJIT ULTRA"},"content":{"rendered":"<p><strong>Flynew Shilajit Ultra e<\/strong>s una f\u00f3rmula integral de origen natural dise\u00f1ada el desarrollo viril y para quienes buscan elevar los niveles de testosterona y su rendimiento f\u00edsico, energ\u00eda diaria y bienestar general. Este suplemento combina <strong>Shilajit puro con 50% de \u00e1cido f\u00falvico<\/strong>, L-Arginina y una mezcla potente de extractos vegetales como granada, fenogreco, canela y comino. Estos ingredientes trabajan en sinergia para apoyar la salud cardiovascular, el metabolismo, el sistema inmunol\u00f3gico y la resistencia f\u00edsica.<\/p>\n<h1>\u00bfC\u00f3mo se toma?.<\/h1>\n<p>&nbsp;<\/p>\n<p>Tomar\u00a0<strong>2 c\u00e1psulas al d\u00eda<\/strong>, preferiblemente despu\u00e9s de la cena, acompa\u00f1adas de agua. Cada frasco contiene 60 c\u00e1psulas, equivalentes a 30 d\u00edas de uso.<\/p>\n<p>&nbsp;<\/p>\n<h2>Especificaciones y Beneficios.<\/h2>\n<p>&nbsp;<\/p>\n<ul>\n<li><strong>Rendimiento diario elevado:<\/strong>\u00a0Incrementa la vitalidad y mejora la circulaci\u00f3n gracias a su contenido de L-Arginina.<\/li>\n<li><\/li>\n<li><strong>Ideal para hombres:<\/strong> Con miembro Viril peque\u00f1o, Facilita a la dilataci\u00f3n de los vasos Cavernosos d\u00e1ndole mayor crecimiento al mienbro viril en\u00a0 largo y gruesor, este famoso shilajit ultra se caracteriza por sus conponentes\u00a0 mejorar la salud sexual y la potencia con ereciones fuertes y duranderas durante las ralaciones.<\/li>\n<li><strong>F\u00f3rmula natural avanzada:<\/strong>\u00a0Con extractos vegetales ricos en compuestos antioxidantes y protectores celulares.<\/li>\n<li><strong>Ideal para hombres activos:<\/strong> Apoya el equilibrio hormonal y mejora la funci\u00f3n f\u00edsica de manera integral y eleva los niveles de testosterona<\/li>\n<li><strong>Calidad y pureza garantizadas:<\/strong>\u00a0Producto vegano, sin gluten ni aditivos artificiales. Fabricado bajo est\u00e1ndares de calidad estrictos.<\/li>\n<\/ul>\n<p>En\u00a0<strong>Puro Estado F\u00edsico<\/strong>, te acercamos suplementos funcionales y originales directamente desde<\/p>\n<p>EE.UU.\u00a0<strong>Flynew Shilajit Ultra <\/strong>representa una excelente alternativa para quienes buscan un impulso real a su salud y energ\u00eda diaria con respaldo natural.<\/p>\n","protected":false},"excerpt":{"rendered":"<ul>\n<li><strong>Rendimiento diario elevado:<\/strong>\u00a0Incrementa la vitalidad y mejora la circulaci\u00f3n gracias a su contenido de L-Arginina.<\/li>\n<li><strong>Ideal para hombres:<\/strong>\u00a0Con miembro Viril peque\u00f1o, Facilita a la dilataci\u00f3n de los vasos Cavernosos d\u00e1ndole mayor crecimiento al pene en\u00a0 largo y en grueso.<\/li>\n<li><strong>F\u00f3rmula natural avanzada:<\/strong>\u00a0Con extractos vegetales ricos en compuestos antioxidantes y protectores celulares.<\/li>\n<li><strong>Ideal para hombres activos:<\/strong>\u00a0Apoya el equilibrio hormonal y mejora la funci\u00f3n f\u00edsica de manera integral y eleva los niveles de testosterona<\/li>\n<li><strong>Calidad y pureza garantizadas:<\/strong>\u00a0Producto vegano, sin gluten ni aditivos artificiales. Fabricado bajo est\u00e1ndares de calidad estrictos.<\/li>\n<\/ul>\n","protected":false},"featured_media":1162,"comment_status":"open","ping_status":"closed","template":"","meta":[],"product_cat":[17,20,18,21,22,19],"product_tag":[],"_links":{"self":[{"href":"https:\/\/nutricionsexualforte.com\/index.php\/wp-json\/wp\/v2\/product\/1158"}],"collection":[{"href":"https:\/\/nutricionsexualforte.com\/index.php\/wp-json\/wp\/v2\/product"}],"about":[{"href":"https:\/\/nutricionsexualforte.com\/index.php\/wp-json\/wp\/v2\/types\/product"}],"replies":[{"embeddable":true,"href":"https:\/\/nutricionsexualforte.com\/index.php\/wp-json\/wp\/v2\/comments?post=1158"}],"wp:featuredmedia":[{"embeddable":true,"href":"https:\/\/nutricionsexualforte.com\/index.php\/wp-json\/wp\/v2\/media\/1162"}],"wp:attachment":[{"href":"https:\/\/nutricionsexualforte.com\/index.php\/wp-json\/wp\/v2\/media?parent=1158"}],"wp:term":[{"taxonomy":"product_cat","embeddable":true,"href":"https:\/\/nutricionsexualforte.com\/index.php\/wp-json\/wp\/v2\/product_cat?post=1158"},{"taxonomy":"product_tag","embeddable":true,"href":"https:\/\/nutricionsexualforte.com\/index.php\/wp-json\/wp\/v2\/product_tag?post=1158"}],"curies":[{"name":"wp","href":"https:\/\/api.w.org\/{rel}","templated":true}]}}