{"id":116,"date":"2023-09-01T18:28:39","date_gmt":"2023-09-01T16:28:39","guid":{"rendered":"https:\/\/nutricionsexualforte.com\/?post_type=product&#038;p=116"},"modified":"2024-03-18T07:33:00","modified_gmt":"2024-03-18T06:33:00","slug":"bathmate-goliath","status":"publish","type":"product","link":"https:\/\/nutricionsexualforte.com\/index.php\/producto\/bathmate-goliath\/","title":{"rendered":"Bathmate Goliath"},"content":{"rendered":"<h2>\u00bfC\u00f3mo funciona Bathmate Goliath<\/h2>\n<p>Con el uso de la bomba de vac\u00edo Bathmate Goliath podr\u00e1 aumentar la cantidad de sangre que los cuerpos cavernosos del pene pueden retener. Al incrementar la capacidad de estas c\u00e1maras, como resultado los tejidos del pene se multiplican dando lugar a un aumento del miembro tanto en largada como en grosor y una mejorar de la calidad de las erecciones.<\/p>\n<p>Bathmate Goliath trabaja creando una baja presi\u00f3n lograda mediante la generaci\u00f3n de un vac\u00edo mientras est\u00e1 conectado a su pene, repitiendo este ejercicio cada d\u00eda durante 15 minutos, se puede conseguir aumentar los cuerpos cavernosos y esponjosos del pene y ofrecer una mejor sexualidad.<\/p>\n<h2>\u00bfC\u00f3mo usar la bomba de vac\u00edo Bathmate Goliath?<\/h2>\n<ul class=\"bluetick\">\n<li>Entrar a la ducha y relajarse.<\/li>\n<li>Llenar la bomba de vac\u00edo de agua, mantener presionada la v\u00e1lvula mientras se llena la bomba.<\/li>\n<li>Introducir el pene en el dispositivo Bathmate y ajustarlo al cuerpo formando un sello herm\u00e9tico para que quede completamente enganchado al cuerpo.<\/li>\n<li>Realizar peque\u00f1os empujones hac\u00eda el cuerpo para que empiece a salir el agua por la v\u00e1lvula y se cree el efecto de vac\u00edo.<\/li>\n<li>Bombear de forma constante y ver\u00e1s que la presi\u00f3n del agua har\u00e1 que el pene aumente de tama\u00f1o.<\/li>\n<li>Realizar este ejercicio durante 15 minutos seguidos o realizar descansos de 5 minutos si lo crees necesario.<\/li>\n<li>Una vez hayas acabado, debes comprimir la v\u00e1lvula para liberar toda la presi\u00f3n del dispositivo y poder sacar el pene de forma segura.<\/li>\n<li>Usar un m\u00e1ximo de 1 vez al d\u00eda durante 15 minutos y un m\u00ednimo de tres veces a la semana.<\/li>\n<\/ul>\n<h2>\u00bfCu\u00e1ndo puedes empezar a notar resultados?<\/h2>\n<p>Con tan solo una sesi\u00f3n puedes experimentar una mejorar de las erecciones y rendimiento sexual. Para resultados de desarrollo del tama\u00f1o hay que usar el dispositivo de forma contante durante por lo menos 2 meses.<\/p>\n<p>Los beneficios \u00f3ptimos los podr\u00e1s notar entre 6 y 12 meses de uso de la bomba de vac\u00edo.<\/p>\n<h2>\u00bfEs Bathmate Goliath seguro de usar?<\/h2>\n<p>La bomba de vac\u00edo Bathmate Goliath ha sido elaborada con materiales seguros y de gran calidad para garantizar en todo momento la seguridad del usuario. Aunque se trata de un productos seguro, recomendamos seguir las instrucciones de uso cuidadosamente.<\/p>\n<p>Si sufres alg\u00fan tipo de problema en el pene o has tenido una cirug\u00eda recientemente, consulta a tu m\u00e9dico antes de usar la bomba de vac\u00edo.<\/p>\n<p><img decoding=\"async\" loading=\"lazy\" src=\"https:\/\/www.potenciasexualforte.com\/uploads\/images\/Bathmate-Hercules-content.jpg\" alt=\"\" width=\"923\" height=\"804\" \/><\/p>\n","protected":false},"excerpt":{"rendered":"<p>Bathmate Goliath es la bomba de vac\u00edo para penes m\u00e1s grandes de 20 cm. Si tienes un miembro grande pero todav\u00eda no est\u00e1s satisfecho con tu tama\u00f1o, \u00e9ste es el dispositivo que necesitas.<\/p>\n<ul class=\"bluetick\">\n<li>Bomba de vac\u00edo 30% m\u00e1s grande que Hercules<\/li>\n<li>Para penes m\u00e1s grandes de 20 cm<\/li>\n<li>Ayuda a aumentar el tama\u00f1o del pene<\/li>\n<li>Las erecciones pueden ser m\u00e1s duras<\/li>\n<li>Ayuda a superar problemas de disfunci\u00f3n er\u00e9ctil<\/li>\n<li>Los orgasmos pueden ser m\u00e1s placenteros<\/li>\n<li>Utiliza la tecnolog\u00eda hidr\u00e1ulica para crear el efecto de vac\u00edo<\/li>\n<li>Usar 15 minutos al d\u00eda.<\/li>\n<\/ul>\n<p>&nbsp;<\/p>\n","protected":false},"featured_media":117,"comment_status":"open","ping_status":"closed","template":"","meta":[],"product_cat":[17],"product_tag":[],"_links":{"self":[{"href":"https:\/\/nutricionsexualforte.com\/index.php\/wp-json\/wp\/v2\/product\/116"}],"collection":[{"href":"https:\/\/nutricionsexualforte.com\/index.php\/wp-json\/wp\/v2\/product"}],"about":[{"href":"https:\/\/nutricionsexualforte.com\/index.php\/wp-json\/wp\/v2\/types\/product"}],"replies":[{"embeddable":true,"href":"https:\/\/nutricionsexualforte.com\/index.php\/wp-json\/wp\/v2\/comments?post=116"}],"wp:featuredmedia":[{"embeddable":true,"href":"https:\/\/nutricionsexualforte.com\/index.php\/wp-json\/wp\/v2\/media\/117"}],"wp:attachment":[{"href":"https:\/\/nutricionsexualforte.com\/index.php\/wp-json\/wp\/v2\/media?parent=116"}],"wp:term":[{"taxonomy":"product_cat","embeddable":true,"href":"https:\/\/nutricionsexualforte.com\/index.php\/wp-json\/wp\/v2\/product_cat?post=116"},{"taxonomy":"product_tag","embeddable":true,"href":"https:\/\/nutricionsexualforte.com\/index.php\/wp-json\/wp\/v2\/product_tag?post=116"}],"curies":[{"name":"wp","href":"https:\/\/api.w.org\/{rel}","templated":true}]}}