{"id":212,"date":"2023-09-01T19:16:21","date_gmt":"2023-09-01T17:16:21","guid":{"rendered":"https:\/\/nutricionsexualforte.com\/?post_type=product&#038;p=212"},"modified":"2024-03-23T06:38:11","modified_gmt":"2024-03-23T05:38:11","slug":"semenhance","status":"publish","type":"product","link":"https:\/\/nutricionsexualforte.com\/index.php\/producto\/semenhance\/","title":{"rendered":"Semenhance"},"content":{"rendered":"<h2>\u00bfCu\u00e1les son los resultados de tomar Semenhance?<\/h2>\n<p>Cerca de un 90% del semen es fluido seminal, que se forma gracias a los az\u00facares, prote\u00ednas, vitaminas, sales y minerales que hay en el cuerpo y que provienen de los alimentos que se ingieren. Lo que quiere decir que el semen tendr\u00e1 el sabor de la dieta que sigas. Semenhance es un suplemento de tu dieta que est\u00e1 compuesto por hierbas naturales que mejoran el sabor del semen de forma importante.<\/p>\n<h2>\u00bfC\u00f3mo tomar Semenhance?<\/h2>\n<p>La dosis normal de Semenhance es de dos c\u00e1psulas al d\u00eda: una antes del desayuno y otra antes de la cena. Algo sencillo y simple. Cada bote de Semenhance contiene 60 pastillas, as\u00ed que con un bote tendr\u00e1s el tratamiento completo de un mes.<\/p>\n<h2>\u00bfCu\u00e1ndo comienza a hacer efecto?<\/h2>\n<p>Alrededor de 4 semanas despu\u00e9s de comenzar a tomarlo el sabor y olor de tu semen comenzar\u00e1 a cambiar. Aunque los resultados pueden variar de una persona a otra. Para obtener mejores resultados es recomendable beber dos litros de agua al d\u00eda y aumentar la dosis de fruta diaria.<\/p>\n<h2>\u00bfTiene este producto efectos secundarios?<\/h2>\n<p>Semenhance est\u00e1 compuesto 100% por hierbas naturales. No se han descrito efectos secundarios en consumidores. Para prevenir cualquier tipo de reacci\u00f3n al\u00e9rgica recomendamos repasar los ingredientes del producto. Adem\u00e1s al estar elaborado con ingredientes derivados de frutas es bueno para tu salud. Semenhance tienen un alto contenido en vitamina C.<\/p>\n<h2>Composici\u00f3n<\/h2>\n<p>Vitamina C, Extracto de Pi\u00f1a, de kiwi, Polen de Abeja, Jalea Real, Pl\u00e1tano, Fresa, Apio, Celulosa, Gelatina, Estearato Vegetal y Di\u00f3xido de Silicio.<\/p>\n","protected":false},"excerpt":{"rendered":"<p>Semenhance es un producto herbal que act\u00faa cambiando el olor y sabor del semen, haciendo del sexo oral una pr\u00e1ctica m\u00e1s placentera.<\/p>\n<p>En ciertas ocasiones el sabor del semen pude ser muy amargo. El semen est\u00e1 compuesto en un 85 % de fructosa, prote\u00ednas y minerales. S\u00f3lo el 1% es esperma, lo cual deja el resto del porcentaje que compone el semen con az\u00facares, sales, agua, vitaminas y prote\u00ednas. Por ser un fluido corporal como cualquier otro, su sabor var\u00eda seg\u00fan la dieta que tengamos, lo que nos da la posibilidad de modificar su caracter\u00edstico sabor amargo y salado.<\/p>\n<ul class=\"bluetick\">\n<li style=\"list-style-type: none;\">\n<ul class=\"bluetick\">\n<li>Cambia el sabor del semen<\/li>\n<li>Rico en Vitamina C<\/li>\n<li>Ayuda al sistema inmunol\u00f3gico<\/li>\n<li>Ingredientes naturales<\/li>\n<li>Sin efectos secundarios<\/li>\n<\/ul>\n<\/li>\n<\/ul>\n<p>La f\u00f3rmula de Semenhance contiene, ingredientes naturales que cambiar\u00e1n el sabor y olor de tu semen. Ahora podr\u00e9is disfrutar aun m\u00e1s en pareja del sexo oral.<\/p>\n<p>&nbsp;<\/p>\n","protected":false},"featured_media":213,"comment_status":"open","ping_status":"closed","template":"","meta":[],"product_cat":[19],"product_tag":[],"_links":{"self":[{"href":"https:\/\/nutricionsexualforte.com\/index.php\/wp-json\/wp\/v2\/product\/212"}],"collection":[{"href":"https:\/\/nutricionsexualforte.com\/index.php\/wp-json\/wp\/v2\/product"}],"about":[{"href":"https:\/\/nutricionsexualforte.com\/index.php\/wp-json\/wp\/v2\/types\/product"}],"replies":[{"embeddable":true,"href":"https:\/\/nutricionsexualforte.com\/index.php\/wp-json\/wp\/v2\/comments?post=212"}],"wp:featuredmedia":[{"embeddable":true,"href":"https:\/\/nutricionsexualforte.com\/index.php\/wp-json\/wp\/v2\/media\/213"}],"wp:attachment":[{"href":"https:\/\/nutricionsexualforte.com\/index.php\/wp-json\/wp\/v2\/media?parent=212"}],"wp:term":[{"taxonomy":"product_cat","embeddable":true,"href":"https:\/\/nutricionsexualforte.com\/index.php\/wp-json\/wp\/v2\/product_cat?post=212"},{"taxonomy":"product_tag","embeddable":true,"href":"https:\/\/nutricionsexualforte.com\/index.php\/wp-json\/wp\/v2\/product_tag?post=212"}],"curies":[{"name":"wp","href":"https:\/\/api.w.org\/{rel}","templated":true}]}}