{"id":251,"date":"2023-09-01T19:48:09","date_gmt":"2023-09-01T17:48:09","guid":{"rendered":"https:\/\/nutricionsexualforte.com\/?post_type=product&#038;p=251"},"modified":"2023-09-28T23:44:24","modified_gmt":"2023-09-28T21:44:24","slug":"powers-x-sobre-4-unidades","status":"publish","type":"product","link":"https:\/\/nutricionsexualforte.com\/index.php\/producto\/powers-x-sobre-4-unidades\/","title":{"rendered":"Powers&#8217; X  Sobre 4 Unidades"},"content":{"rendered":"<p>Potenciador sexual natural para hombres y mujeres.<\/p>\n<p>L-Arginina: Es el aminoacido encargado de potenciar la erecci\u00f3n. Este aminoacido ha demostrado que es capaz de mejorar la irrigaci\u00f3n (tras su conversi\u00f3n en Oxido N\u00edtrico) y la oxigenaci\u00f3n de los tejidos, disminuyendo la fatiga y aumentando la recuperaci\u00f3n. Boroj\u00f3: Fruto natural del bosque chocoano colombiano, es famoso por sus propiedades afrodis\u00edacas en hombres y mujeres y reconocido energizante. Chontaduro: Potente afrodis\u00edaco, aumenta el deseo y la capacidad sexual. Chontaduro: Fruto originario de la Amazon\u00eda colombiana, famoso por ser un potenciador, energizante y revitalizante.<\/p>\n<p><strong>EL POTENCIADOR SEXUAL 100% NATURAL<\/strong><br \/>\n<strong>QUE TE AYUDAR\u00c1 A MEJORAR EL DESEMPE\u00d1O Y RECUPERAR TU CONFIANZA NATURALMENTE<\/strong><\/p>\n<p><strong>\u00bfHAS PASADO POR ALGUNAS DE ESTAS SITUACIONES?<\/strong><br \/>\n\u00bfNo has logrado mantener una erecci\u00f3n a lo largo de un encuentro sexual?<br \/>\n\u00bfDespu\u00e9s de eyacular te cuesta demasiado trabajo volver a tener una erecci\u00f3n?<br \/>\n\u00bfNo logras generar una erecci\u00f3n lo suficientemente dura para mantener una relaci\u00f3n sexual satisfactoria?<br \/>\n\u00bfEyaculas con demasiada rapidez incluso antes de que tu pareja experimente el orgasmo?<\/p>\n<p><strong>AUMENTA TU CONFIANZA, CON UN PRODUCTO 100% NATURAL<\/strong><br \/>\nLibre de contraindicaciones y efectos qu\u00edmicos secundarios.<\/p>\n<p><strong><br \/>\nBENEFICIOS<br \/>\nPower Sex<\/strong>\u00a0es un energizante basado en frutas y plantas que intensifican las virtudes de los nutrientes afrodis\u00edacos m\u00e1s reconocidos a nivel mundial, favoreciendo la producci\u00f3n de factores hormonales que act\u00faan en el organismo de manera natural para aumentar el deseo y la sensaci\u00f3n de placer sexual.<\/p>\n<ul>\n<li>PROLONGA EL DESEMPE\u00d1O SEXUAL<\/li>\n<li>TENDR\u00c1S ERECCIONES M\u00c1S FUERTES<\/li>\n<li>ORGASMOS M\u00c1S INTENSOS<\/li>\n<li>AUMENTA TU CONFIANZA<\/li>\n<li>PRODUCTO 100% NATURAL<\/li>\n<li>ELIMINA LA EYACULACI\u00d3N PRECOZ<\/li>\n<\/ul>\n<p>Power Sex es un suplemento nutricional con registro de INVIMA No\u00a0<strong>NSA-009396-2020<\/strong>\ud83d\udc8a,<br \/>\nes un producto de venta Libre y no presenta efectos secundarios ni dependencias. Es 100% natural.<\/p>\n<p><strong>POWERS\u00b4X<\/strong><\/p>\n<p><strong>Power Sex<\/strong>\u00a0es un comprimido poderoso, 100% natural, que puede ayudarte a reducir la disfunci\u00f3n er\u00e9ctil sin causar adicci\u00f3n u otras afecciones, adem\u00e1s de efectos positivos adicionales, como un aumento en el deseo sexual y vitalidad en general.<\/p>\n<p>Antes de probar soluciones dr\u00e1sticas que pueden afectar la salud de tu coraz\u00f3n y saturar tu cuerpo con productos qu\u00edmicos innecesarios, prueba POWER\u2019SX, la alternativa natural que no tiene ninguna contraindicaci\u00f3n, efecto secundario o dependencia a su uso.<\/p>\n<p><img decoding=\"async\" loading=\"lazy\" class=\"wp-image-10396 alignnone lazyloaded\" src=\"https:\/\/powersexcolombia.com.co\/wp-content\/uploads\/2021\/03\/XCXSCDS-300x153.png\" alt=\"\" width=\"363\" height=\"185\" data-src=\"https:\/\/powersexcolombia.com.co\/wp-content\/uploads\/2021\/03\/XCXSCDS-300x153.png\" \/><br \/>\n<strong>INGREDIENTES<\/strong><\/p>\n<p>Es un suplemento dietario a base de extractos de frutos, plantas y amino\u00e1cidos, logrando combinarse en una formula \u00fanica\u00a0y exclusiva, intensificando las virtudes de los m\u00e1s \u00a0reconocidos nutrientes afrodis\u00edacos que favorecen la producci\u00f3n de factores hormonales que act\u00faan en el organismo de manera natural para aumentar el deseo y la sensaci\u00f3n de placer sexual.<\/p>\n<ul class=\"panel_grupo\">\n<li class=\"panel_contenedor pata_activo\">\n<div class=\"panel_contenido\">\n<div class=\"texto rico izquierda talla17 em2\">\n<div>\n<p>1 pastilla 30 minutos antes del acto sexual.<\/p>\n<p>&nbsp;<\/p>\n<\/div>\n<\/div>\n<\/div>\n<\/li>\n<\/ul>\n","protected":false},"excerpt":{"rendered":"<p>SKU: Power Sex<\/p>\n<ul class=\"items\">\n<li>Mejora tu Desempe\u00f1o y Vida Sexual.<\/li>\n<li>Producto 100% Natural.<\/li>\n<li>Elimina la eyaculacion precoz<\/li>\n<li>Sin efectos secundarios.<\/li>\n<li>producto para toda edad y todo organismo<\/li>\n<li>producto para hombres y mujeres<\/li>\n<li><strong>AUMENTA TU CONFIANZA, CON UN PRODUCTO 100% NATURAL<\/strong><br \/>\nLibre de contraindicaciones y efectos qu\u00edmicos secundarios.<\/p>\n<p><span class=\"elementor-alert-title\">Power Sex t<\/span><span class=\"elementor-alert-description\">e ayuda a mejorar tu desempe\u00f1o sexual y recuperar tu confianza para que vuelvas a disfrutar plenamente de tu sexualidad.<\/span><\/li>\n<\/ul>\n","protected":false},"featured_media":828,"comment_status":"open","ping_status":"closed","template":"","meta":[],"product_cat":[18],"product_tag":[],"_links":{"self":[{"href":"https:\/\/nutricionsexualforte.com\/index.php\/wp-json\/wp\/v2\/product\/251"}],"collection":[{"href":"https:\/\/nutricionsexualforte.com\/index.php\/wp-json\/wp\/v2\/product"}],"about":[{"href":"https:\/\/nutricionsexualforte.com\/index.php\/wp-json\/wp\/v2\/types\/product"}],"replies":[{"embeddable":true,"href":"https:\/\/nutricionsexualforte.com\/index.php\/wp-json\/wp\/v2\/comments?post=251"}],"wp:featuredmedia":[{"embeddable":true,"href":"https:\/\/nutricionsexualforte.com\/index.php\/wp-json\/wp\/v2\/media\/828"}],"wp:attachment":[{"href":"https:\/\/nutricionsexualforte.com\/index.php\/wp-json\/wp\/v2\/media?parent=251"}],"wp:term":[{"taxonomy":"product_cat","embeddable":true,"href":"https:\/\/nutricionsexualforte.com\/index.php\/wp-json\/wp\/v2\/product_cat?post=251"},{"taxonomy":"product_tag","embeddable":true,"href":"https:\/\/nutricionsexualforte.com\/index.php\/wp-json\/wp\/v2\/product_tag?post=251"}],"curies":[{"name":"wp","href":"https:\/\/api.w.org\/{rel}","templated":true}]}}