{"id":265,"date":"2023-09-01T19:56:31","date_gmt":"2023-09-01T17:56:31","guid":{"rendered":"https:\/\/nutricionsexualforte.com\/?post_type=product&#038;p=265"},"modified":"2023-09-23T02:38:38","modified_gmt":"2023-09-23T00:38:38","slug":"nitric-max-muscle","status":"publish","type":"product","link":"https:\/\/nutricionsexualforte.com\/index.php\/producto\/nitric-max-muscle\/","title":{"rendered":"Nitric Max Muscle"},"content":{"rendered":"<div>La combinaci\u00f3n de componentes de este nuevo y sorprendente producto enriquecer\u00e1 su r\u00e9gimen de fortalecimiento para obtener resultados espectaculares.\u00a0Dise\u00f1ado para desarrollar masa muscular r\u00e1pidamente y mejorar la resistencia, Nitric Max Muscle es un complejo antioxidante cient\u00edfico con ingredientes naturales y cient\u00edficamente mejorados que aportan nutrientes para transformar su cuerpo para lograr alta definici\u00f3n y mayor rendimiento.<\/div>\n<ul>\n<li>Se\u00f1ala el crecimiento de las c\u00e9lulas musculares<\/li>\n<li>Sintetiza prote\u00ednas<\/li>\n<li>Regula los niveles de sal<\/li>\n<li>Elimina Toxinas<\/li>\n<\/ul>\n<p>&nbsp;<\/p>\n<h3>Datos complementarios<\/h3>\n<div><em>Ingredientes\u00a0\u00a0<\/em>:<em>\u00a0<\/em>\u00a0800 mg por c\u00e1psula (mezcla de L-arginina)<\/div>\n<ul>\n<li>A-AKG (arginina alfa-cetoglutarato)<\/li>\n<li>A-KIC (cetoisocaporato de arginina)<\/li>\n<li>OKG (omitina alfa cetoglutarato)<\/li>\n<li>GKG (glutamina alfa-cetoglutarato)<\/li>\n<\/ul>\n<div><em>Otros ingredientes<\/em>\u00a0: estearato de magnesio, fosfato dic\u00e1lcico, celulosa y \u00e1cido este\u00e1rico.<\/div>\n<div><em>Uso sugerido<\/em>\u00a0: Como suplemento diet\u00e9tico, tomar tres [3] c\u00e1psulas antes de hacer ejercicio.\u00a0No exceda m\u00e1s de seis [6] c\u00e1psulas por d\u00eda.<\/div>\n","protected":false},"excerpt":{"rendered":"<p>SKU: Nitric Max Muscle<\/p>\n<ul>\n<li>Se\u00f1ala el crecimiento de las c\u00e9lulas musculares<\/li>\n<li>Sintetiza prote\u00ednas<\/li>\n<li>Regula los niveles de sal<\/li>\n<li>Elimina Toxinas<\/li>\n<\/ul>\n","protected":false},"featured_media":816,"comment_status":"open","ping_status":"closed","template":"","meta":[],"product_cat":[22],"product_tag":[],"_links":{"self":[{"href":"https:\/\/nutricionsexualforte.com\/index.php\/wp-json\/wp\/v2\/product\/265"}],"collection":[{"href":"https:\/\/nutricionsexualforte.com\/index.php\/wp-json\/wp\/v2\/product"}],"about":[{"href":"https:\/\/nutricionsexualforte.com\/index.php\/wp-json\/wp\/v2\/types\/product"}],"replies":[{"embeddable":true,"href":"https:\/\/nutricionsexualforte.com\/index.php\/wp-json\/wp\/v2\/comments?post=265"}],"wp:featuredmedia":[{"embeddable":true,"href":"https:\/\/nutricionsexualforte.com\/index.php\/wp-json\/wp\/v2\/media\/816"}],"wp:attachment":[{"href":"https:\/\/nutricionsexualforte.com\/index.php\/wp-json\/wp\/v2\/media?parent=265"}],"wp:term":[{"taxonomy":"product_cat","embeddable":true,"href":"https:\/\/nutricionsexualforte.com\/index.php\/wp-json\/wp\/v2\/product_cat?post=265"},{"taxonomy":"product_tag","embeddable":true,"href":"https:\/\/nutricionsexualforte.com\/index.php\/wp-json\/wp\/v2\/product_tag?post=265"}],"curies":[{"name":"wp","href":"https:\/\/api.w.org\/{rel}","templated":true}]}}