{"id":780,"date":"2023-09-13T02:13:02","date_gmt":"2023-09-13T00:13:02","guid":{"rendered":"https:\/\/nutricionsexualforte.com\/?post_type=product&#038;p=780"},"modified":"2026-02-11T06:03:23","modified_gmt":"2026-02-11T05:03:23","slug":"vigor-360-original","status":"publish","type":"product","link":"https:\/\/nutricionsexualforte.com\/index.php\/producto\/vigor-360-original\/","title":{"rendered":"Vigor 360 Original"},"content":{"rendered":"<p class=\"sec3_p1___g_-a3Jcbht main_p___16zGRbKc48\">Vigor 360 Ultra es un suplemento diet\u00e9tico dise\u00f1ado principalmente para mejorar el desempe\u00f1o sexual masculino.<br \/>\n\u200bFunciones principales<br \/>\n\u200bIncrementa la libido: Eleva el deseo y la energ\u00eda sexual.<br \/>\n\u200bMejora la erecci\u00f3n: Promueve un mayor flujo sangu\u00edneo hacia el tejido er\u00e9ctil.<br \/>\n\u200bAumenta la testosterona: Estimula la producci\u00f3n natural de esta hormona y favorece tambien el aumento del tama\u00f1o de pene en largo y grosor.<br \/>\n\u200bAporta vitalidad: Reduce la fatiga y mejora el rendimiento f\u00edsico general.<\/p>\n<p>\u00a0Los componentes que posee el producto VIGOR 360 ULTRA es considerado que ayuda a la desinflamaci\u00f3n de las v\u00edas urinarias pr\u00f3stata y la prostatitis a medida de que se va usando como tratamiento. sin afectar el organismo ni producir efectos secundarios.<\/p>\n<p class=\"sec3_p2___2Rhd-hs6UJ main_p___16zGRbKc48\">Mientras mayor sea la cantidad de sangre que los cuerpos cavernosos pueden almacenar, m\u00e1s potente ser\u00e1 su erecci\u00f3n. Pero para que esto suceda se necesita un cuerpo cavernoso sano, junto con un gran flujo de sangre y un equilibrio hormonal para producir un apetito sexual.<\/p>\n<p class=\"sec3_p3___2fZOHL3NXS main_p___16zGRbKc48\">Y ah\u00ed es donde aparecen las p\u00edldoras\u00a0<b>Vigor 360 Ultra<\/b>. Estas trabajan en cuatro frentes que determinan la calidad del sexo y el poder de sus erecciones.<\/p>\n<figure class=\"chart_mobile___3WJ_gMGjm7\"><b class=\"sec3_chart_b1___2D-o1fFV3M sec3_chart_b___Wv6O3N3cpM\">CUERPOS CAVERNOSOS<\/b><b class=\"sec3_chart_b2___1EBqENdZy_ sec3_chart_b___Wv6O3N3cpM\">ARTERIA CAVERNOSA<\/b><\/figure>\n<ol class=\"sec3_ol___1jpbDYY_3l\">\n<li class=\"sec3_li1___3Cw2RA1ZMF sec3_list___3l5yy6guCM\"><strong><b>1<\/b><em>La salud de los cuerpos cavernosos<\/em><\/strong><small>Las p\u00edldoras aumentan el flujo de sangre hacia los cuerpos cavernosos, lo que permite mayor flujo sangu\u00edneo que irrigue al pene y produzca erecciones m\u00e1s intensas y m\u00e1s duraderas.<\/small><small>Esta sangre adicional en los cuerpos cavernosos causa una m\u00e1xima expansi\u00f3n de los tejidos del pene, lo que ayuda a aumentar la sensibilidad de los tejidos, aumentando el placer y la intensidad de los orgasmos.<\/small><\/li>\n<li class=\"sec3_li2___3sDg66P2MI sec3_list___3l5yy6guCM\"><strong><b>2<\/b><em>Equilibrio Hormonal<\/em><\/strong><small>Las p\u00edldoras tambi\u00e9n aumentan la concentraci\u00f3n de la hormona testosterona, la principal responsable de la conducta sexual masculina y tienen gran influencia en la potencia de las erecciones y la calidad de los orgasmos.<\/small><\/li>\n<li class=\"sec3_li3___1ecHs68HZH sec3_list___3l5yy6guCM\"><strong><b>3<\/b><em>Regeneraci\u00f3n Celular<\/em><\/strong><small>Para maximizar la expansi\u00f3n de los cuerpos cavernosos y generar erecciones impresionantes, su cuerpo deber\u00e1 producir nuevas c\u00e9lulas m\u00e1s r\u00e1pido.\u00a0<b>Vigor 360 Ultra<\/b>\u00a0es rico en antioxidantes, comprobados en la ayuda a la formaci\u00f3n de nuevo tejido.<\/small><\/li>\n<li class=\"sec3_li4___qLFzr08wpP sec3_list___3l5yy6guCM\"><strong><b>4<\/b><em>Energ\u00eda y disposici\u00f3n<\/em><\/strong><small>Por otra parte, las p\u00edldoras son ricas en sustancias que proporcionan energ\u00eda extra para que pueda disfrutar de su nueva potencia y de virilidad durante toda la noche<\/small><\/li>\n<\/ol>\n<p>&nbsp;<\/p>\n<p>Vigor 360 Potenciador de Testosterona | 1 Frasco | 60 pastillas | ENV\u00cdO GRATIS<\/p>\n<p>Potenciador de Testosterona Vigor 360<\/p>\n<p>Suplemento natural original americano y efectivo aporte energ\u00eda potencia y masa muscular si ejercitas frasco x 60 Pastillas se toma una pastilla diaria despu\u00e9s del desayuno o almuerzo o antes de actividad f\u00edsica.<\/p>\n<p>Otros<br \/>\nIngredientes: Naturales<\/p>\n<p>Valor nutricional por porci\u00f3n: Alto<\/p>\n<p>Amino\u00e1cidos por porci\u00f3n: Alto<\/p>\n<p>Edad m\u00ednima recomendada: 18 a\u00f1os<\/p>\n<p>Usos recomendados: Nutricional<\/p>\n<p>Cantidad: 60<\/p>\n<p>Tipo de unidad: Unidad<\/p>\n<p>Es libre de gluten: S\u00ed<\/p>\n<p>Contiene lactosa: No<\/p>\n<p>Es vegano: No<\/p>\n<p>Comprar Potenciador de Testosterona<\/p>\n<p>&nbsp;<\/p>\n<p>&nbsp;<\/p>\n","protected":false},"excerpt":{"rendered":"<p>SKU: Vigor 360 Ultra<\/p>\n<ul class=\"KsbFXc U6u95\" data-complete=\"true\" data-processed=\"true\">\n<li data-hveid=\"CAUQAA\" data-complete=\"true\" data-sae=\"\"><span class=\"T286Pc\" data-sfc-cp=\"\" data-complete=\"true\"><strong class=\"Yjhzub\" data-complete=\"true\">Rendimiento Sexual:<\/strong>\u00a0Promueve erecciones m\u00e1s firmes y duraderas al favorecer el flujo sangu\u00edneo mediante la generaci\u00f3n de \u00f3xido n\u00edtrico.<\/span><\/li>\n<li data-hveid=\"CAUQAQ\" data-complete=\"true\" data-sae=\"\"><span class=\"T286Pc\" data-sfc-cp=\"\" data-complete=\"true\"><strong class=\"Yjhzub\" data-complete=\"true\">Energ\u00eda y Vitalidad:<\/strong>\u00a0Ayuda a combatir la fatiga f\u00edsica y mental, mejorando la resistencia para las actividades diarias y el ejercicio.<\/span><\/li>\n<li data-hveid=\"CAUQAg\" data-complete=\"true\" data-sae=\"\"><span class=\"T286Pc\" data-sfc-cp=\"\" data-complete=\"true\"><strong class=\"Yjhzub\" data-complete=\"true\">Masa Muscular:<\/strong>\u00a0Al apoyar los niveles de testosterona, se promociona como un aliado para el crecimiento muscular y la p\u00e9rdida de grasa.<\/span><\/li>\n<\/ul>\n","protected":false},"featured_media":781,"comment_status":"open","ping_status":"closed","template":"","meta":[],"product_cat":[17,18,19],"product_tag":[],"_links":{"self":[{"href":"https:\/\/nutricionsexualforte.com\/index.php\/wp-json\/wp\/v2\/product\/780"}],"collection":[{"href":"https:\/\/nutricionsexualforte.com\/index.php\/wp-json\/wp\/v2\/product"}],"about":[{"href":"https:\/\/nutricionsexualforte.com\/index.php\/wp-json\/wp\/v2\/types\/product"}],"replies":[{"embeddable":true,"href":"https:\/\/nutricionsexualforte.com\/index.php\/wp-json\/wp\/v2\/comments?post=780"}],"wp:featuredmedia":[{"embeddable":true,"href":"https:\/\/nutricionsexualforte.com\/index.php\/wp-json\/wp\/v2\/media\/781"}],"wp:attachment":[{"href":"https:\/\/nutricionsexualforte.com\/index.php\/wp-json\/wp\/v2\/media?parent=780"}],"wp:term":[{"taxonomy":"product_cat","embeddable":true,"href":"https:\/\/nutricionsexualforte.com\/index.php\/wp-json\/wp\/v2\/product_cat?post=780"},{"taxonomy":"product_tag","embeddable":true,"href":"https:\/\/nutricionsexualforte.com\/index.php\/wp-json\/wp\/v2\/product_tag?post=780"}],"curies":[{"name":"wp","href":"https:\/\/api.w.org\/{rel}","templated":true}]}}