{"id":790,"date":"2023-09-13T04:29:33","date_gmt":"2023-09-13T02:29:33","guid":{"rendered":"https:\/\/nutricionsexualforte.com\/?post_type=product&#038;p=790"},"modified":"2026-02-11T01:25:50","modified_gmt":"2026-02-11T00:25:50","slug":"tongkat-ali-extreme","status":"publish","type":"product","link":"https:\/\/nutricionsexualforte.com\/index.php\/producto\/tongkat-ali-extreme\/","title":{"rendered":"Tongkat Ali Extreme"},"content":{"rendered":"<p>\u00bfQu\u00e9 es el Tongkat Ali?<br \/>\nTongkat Ali, Extreme 1600 mg. tambi\u00e9n conocido como &#8220;Longjack&#8221;, es ampliamente venerado por hombres y mujeres. Esta hierba ex\u00f3tica se deriva de un arbusto delgado de hoja perenne que se encuentra en el sudeste asi\u00e1tico. Se utiliza tradicionalmente por sus propiedades antioxidantes y a menudo se encuentra en suplementos a base de hierbas como c\u00e1psulas, p\u00edldoras, c\u00e1psulas blandas, polvos a granel, gotas l\u00edquidas, aceites, gomitas, extractos, tabletas masticables y m\u00e1s.<br \/>\nTongkat Ali extreme 1600 de Carlyle es una forma poderosa de esta hierba ex\u00f3tica, que contiene el equivalente a 1600 mg de ra\u00edz de Longjack por porci\u00f3n en c\u00e1psulas de liberaci\u00f3n r\u00e1pida. Nuestra f\u00f3rmula no contiene gluten ni OGM, est\u00e1 elaborada sin saborizantes, colorantes, edulcorantes ni conservantes artificiales, lo que la convierte en el complemento perfecto para cualquier rutina.<br \/>\nNuestra experiencia en la obtenci\u00f3n de los ingredientes m\u00e1s puros combinados con tecnolog\u00edas avanzadas nos enorgullece de ofrecer suplementos honestos y de primera calidad al mejor precio. Carlyle Tongkat Ali es un testimonio de nuestro compromiso con la excelencia, elaborado con poderosos ingredientes arraigados en el bienestar. Gracias por elegirnos en su b\u00fasqueda de una vida saludable.<\/p>\n<p>BENEFICIOS:<\/p>\n<p>Aumenta la energ\u00eda y mejora el rendimiento f\u00edsico.<\/p>\n<p>Apoya la salud sexual y la libido en hombres y mujeres.<\/p>\n<p>Favorece el equilibrio hormonal y la producci\u00f3n de testosterona.<\/p>\n<p>Apoya la salud \u00f3sea y muscular.<\/p>\n<p>Rejuvenece y mantiene actactivo.<\/p>\n<p>Mejora el estado de \u00e1nimo y combate el estr\u00e9s.<\/p>\n<p>Ayuda adesinfalamar las viarurinarias prosost y prodtatisits.<\/p>\n<p>FORMA DE CONSUMO<\/p>\n<p>A\u00f1ada 2 c\u00e1psulas al dia acompa\u00f1ado de un vaso de agua tibia, o segun las indicaciones de su medico.<\/p>\n<p>INFORMACION DE SEGURIDAD<\/p>\n<p>No exceda la dosis recomendada. Las madres embarazadas o lactantes, los ni\u00f1os menores de 18 a\u00f1os y las personas con afecciones m\u00e9dicas conocidas deben consultar a un m\u00e9dico antes de usar este o cualquier suplemento diet\u00e9tico. Descontin\u00fae el uso y consulte a un m\u00e9dico si ocurre una reacci\u00f3n adversa. NO LO USE SI EL SELLO DE SEGURIDAD SE DA\u00d1A O FALTA. GUARDAR EN UN LUGAR FRESCO Y SECO.<\/p>\n<p>SEGURO PARA USO INTERNO<\/p>\n","protected":false},"excerpt":{"rendered":"<ul class=\"organaperu-organatheme-23-x-custom_benefits__items\">\n<li class=\"organaperu-organatheme-23-x-custom_benefits__item\">1\ufe0f\u20e3 Aumenta la energ\u00eda y vitalidad, combatiendo el cansancio y la fatiga diaria \u26a1<\/li>\n<li class=\"organaperu-organatheme-23-x-custom_benefits__item\">2\ufe0f\u20e3 Apoya la salud hormonal masculina, contribuyendo a equilibrar los niveles de testosterona \ud83e\uddd4<\/li>\n<li class=\"organaperu-organatheme-23-x-custom_benefits__item\">3\ufe0f\u20e3 Mejora el rendimiento f\u00edsico y deportivo, impulsando fuerza y resistencia \ud83d\udcaa\ud83c\udffd<\/li>\n<li class=\"organaperu-organatheme-23-x-custom_benefits__item\">4\ufe0f\u20e3 Favorece el deseo sexual, apoyando la libido y el bienestar \u00edntimo \u2764\ufe0f\u200d\ud83d\udd25<\/li>\n<li class=\"organaperu-organatheme-23-x-custom_benefits__item\">5\ufe0f\u20e3 Contribuye al control del estr\u00e9s, ayudando a mantener la calma y el equilibrio emocional<\/li>\n<\/ul>\n","protected":false},"featured_media":1130,"comment_status":"open","ping_status":"closed","template":"","meta":[],"product_cat":[20,18,19],"product_tag":[],"_links":{"self":[{"href":"https:\/\/nutricionsexualforte.com\/index.php\/wp-json\/wp\/v2\/product\/790"}],"collection":[{"href":"https:\/\/nutricionsexualforte.com\/index.php\/wp-json\/wp\/v2\/product"}],"about":[{"href":"https:\/\/nutricionsexualforte.com\/index.php\/wp-json\/wp\/v2\/types\/product"}],"replies":[{"embeddable":true,"href":"https:\/\/nutricionsexualforte.com\/index.php\/wp-json\/wp\/v2\/comments?post=790"}],"wp:featuredmedia":[{"embeddable":true,"href":"https:\/\/nutricionsexualforte.com\/index.php\/wp-json\/wp\/v2\/media\/1130"}],"wp:attachment":[{"href":"https:\/\/nutricionsexualforte.com\/index.php\/wp-json\/wp\/v2\/media?parent=790"}],"wp:term":[{"taxonomy":"product_cat","embeddable":true,"href":"https:\/\/nutricionsexualforte.com\/index.php\/wp-json\/wp\/v2\/product_cat?post=790"},{"taxonomy":"product_tag","embeddable":true,"href":"https:\/\/nutricionsexualforte.com\/index.php\/wp-json\/wp\/v2\/product_tag?post=790"}],"curies":[{"name":"wp","href":"https:\/\/api.w.org\/{rel}","templated":true}]}}